{"id":1307,"date":"2018-06-10T17:37:22","date_gmt":"2018-06-10T17:37:22","guid":{"rendered":"http:\/\/www.periciadocumental.es\/?page_id=1307"},"modified":"2023-12-18T12:38:07","modified_gmt":"2023-12-18T12:38:07","slug":"propiedad-intelectual","status":"publish","type":"page","link":"https:\/\/www.periciadocumental.es\/index.php\/propiedad-intelectual\/","title":{"rendered":"Propiedad Intelectual"},"content":{"rendered":"<h2><a href=\"http:\/\/www.periciadocumental.es\/wp-content\/uploads\/2018\/06\/Curso-carta2.jpg\"><img loading=\"lazy\" decoding=\"async\" class=\"aligncenter size-full wp-image-1311\" src=\"http:\/\/www.periciadocumental.es\/wp-content\/uploads\/2018\/06\/Curso-carta2.jpg\" alt=\"\" width=\"1080\" height=\"758\" srcset=\"https:\/\/www.periciadocumental.es\/wp-content\/uploads\/2018\/06\/Curso-carta2.jpg 1080w, https:\/\/www.periciadocumental.es\/wp-content\/uploads\/2018\/06\/Curso-carta2-300x211.jpg 300w, https:\/\/www.periciadocumental.es\/wp-content\/uploads\/2018\/06\/Curso-carta2-768x539.jpg 768w, https:\/\/www.periciadocumental.es\/wp-content\/uploads\/2018\/06\/Curso-carta2-1024x719.jpg 1024w\" sizes=\"auto, (max-width: 1080px) 100vw, 1080px\" \/><\/a><\/h2>\n<h2 class=\"titular\"><span class=\"Y0NH2b CLPzrc g9yevd\" style=\"color: #000000;\">Defiendo tus derechos en relaci\u00f3n con la <b>propiedad intelectual<\/b>, respecto de las obras que hayas creado.\u00a0 Pueden ser dibujos, fotograf\u00edas, dise\u00f1os\u00a0 y todas las prestaciones econ\u00f3micas fruto de su creaci\u00f3n.<\/span><\/h2>\n<p>Sobre el papel, todo est\u00e1 muy claro. \u00bfY la realidad? Defender estos derechos <em>(Real Decreto Legislativo 1\/1996, de 12 de abril, Propiedad Intelectual)<\/em> en una era completamente digital <strong>es cada vez m\u00e1s complejo para los autores.<\/strong><\/p>\n<p>Me gusta se\u00f1alar, ya que a menudo me lo consultan, que cualquier obra se protege por esta Ley desde el momento de su creaci\u00f3n, recibiendo los creadores la plena protecci\u00f3n legal desde ese momento y <strong>sin que sea necesario el cumplimiento de ning\u00fan requisito extra<\/strong>. Pero el robo de im\u00e1genes o dise\u00f1os es una constante hoy en d\u00eda, tanto como<strong> copiar y pegar con un giro de mu\u00f1eca<\/strong>. Y sucede a diario.<\/p>\n<p>Estamos protegidos por la Ley, s\u00ed. Pero <strong>hay que seguir demostrando el delito<\/strong>. La inmediatez con la cual se distribuye estos archivos hace necesario nuevos m\u00e9todos para capturar las evidencias que posteriormente usar\u00e9 en los informes.\u00a0 De nada sirve que la Ley ( <em>Ley 3\/2008, de 23 de diciembre<\/em>) reconozca el derecho de artistas, fot\u00f3grafos y dise\u00f1adores a recibir r\u00e9ditos si estos no son capaces de mostrar las pruebas de estos delitos. Hoy en d\u00eda, defender los derechos de los autores ha mejorado en gran medida con diferentes herramientas digitales y es lo que explicar\u00e9 en este art\u00edculo.<\/p>\n<p>La legislaci\u00f3n espa\u00f1ola, por suerte, ofrece una serie de mecanismos de protecci\u00f3n de los derechos de propiedad intelectual, existiendo la posibilidad de emprender acciones administrativas, civiles o penales.<\/p>\n<figure id=\"attachment_6114\" aria-describedby=\"caption-attachment-6114\" style=\"width: 960px\" class=\"wp-caption aligncenter\"><a href=\"https:\/\/www.periciadocumental.es\/wp-content\/uploads\/2023\/12\/Fotografa.jpg\"><img loading=\"lazy\" decoding=\"async\" class=\"wp-image-6114 size-full\" src=\"https:\/\/www.periciadocumental.es\/wp-content\/uploads\/2023\/12\/Fotografa.jpg\" alt=\"\" width=\"960\" height=\"597\" srcset=\"https:\/\/www.periciadocumental.es\/wp-content\/uploads\/2023\/12\/Fotografa.jpg 960w, https:\/\/www.periciadocumental.es\/wp-content\/uploads\/2023\/12\/Fotografa-300x187.jpg 300w, https:\/\/www.periciadocumental.es\/wp-content\/uploads\/2023\/12\/Fotografa-768x478.jpg 768w\" sizes=\"auto, (max-width: 960px) 100vw, 960px\" \/><\/a><figcaption id=\"caption-attachment-6114\" class=\"wp-caption-text\">Fot\u00f3grafa amateur, o no. Su obra est\u00e1 protegida desde en el mismo momento que se crea en relaci\u00f3n con los derechos de autor.<\/figcaption><\/figure>\n<h3>\u00bfQu\u00e9 tipo de obra proteges?<\/h3>\n<p><b class=\"whb\">Para ello, lo que recomiendo primero es identificar el tipo de propiedad intelectual.<\/b> Con varios tipos diferentes, es importante entender las diferencias entre ellas.<strong> Incluso dentro de la disciplina fotogr\u00e1fica, se diferencia entre obra fotogr\u00e1fica y mera fotograf\u00eda<\/strong>, eso lo explico mejor en <a href=\"https:\/\/indubite.com\/propiedad-intelectual-y-la-fotografia\/\" target=\"_blank\" rel=\"noopener\">este otro art\u00edculo<\/a>. Dependiendo de lo que haya sido robado, se determinar\u00e1n los derechos que tengas y la forma en que tendr\u00e1s que encarar esta cuesti\u00f3n. Los tipos de propiedad intelectual con los que trabajo son:<\/p>\n<ul>\n<li><b>Material protegido por derechos de autor:<\/b> el material original fijado en un medio tangible de expresi\u00f3n califica para la protecci\u00f3n de derechos de autor.<sup>\u00a0<\/sup> Un ejemplo que entender\u00e1s f\u00e1cilmente de estas obras: poemas, fotograf\u00edas, pinturas, software y m\u00fasica\u2026 \u00bfDigital o anal\u00f3gico? \u00a1Qu\u00e9 m\u00e1s da! En nuestro gabinete pericial nuestra especialidad es el software, las fotograf\u00edas y la obra pl\u00e1stica o dise\u00f1o gr\u00e1fico, ya sea eso, anal\u00f3gico (murales, soportes impresos, carteles, libros, etc.) o digital (archivos digitales).<\/li>\n<li><b>Marcas registradas:<\/b> una marca registrada es una palabra, un s\u00edmbolo, una frase o un dise\u00f1o que identifica y distingue a una fuente de productos de otra. Una marca de servicios es una marca registrada que identifica a una fuente de servicios en lugar de productos.<sup id=\"_ref-2\" class=\"reference\" aria-label=\"Enlace a referencia 2\"><\/sup><\/li>\n<\/ul>\n<p><b>Y ahora llega a defender tus derechos:<\/b> Y tienes varios, los cuales son solo tuyos. Estos incluyen el derecho a:<\/p>\n<ul>\n<li>Reproducir la obra protegida por derechos de autor.<\/li>\n<li>Exhibir p\u00fablicamente la obra protegida por derechos de autor.<\/li>\n<li>Preparar \u201cobras derivadas\u201d basadas en la obra protegida por derechos de autor;<\/li>\n<li>Distribuir al p\u00fablico copias de la obra protegida por derechos de autor por medio de la venta o el permiso para exhibirlas.<\/li>\n<\/ul>\n<p>Que esto se realice de forma digital o anal\u00f3gica no modifica el delito. Tanto si se llevan un pliego dibujado tuyo como una imagen de tu web, te estar\u00e1n robando. Tenlo claro.<\/p>\n<blockquote><p>Pero el robo de im\u00e1genes o dise\u00f1os\u00a0 es una constante hoy en d\u00eda, tanto como<strong> copiar y pegar con un giro de mu\u00f1eca<\/strong>.<\/p><\/blockquote>\n<h3>Las pruebas son fundamentales<\/h3>\n<p>En cualquier caso, siempre hay que <strong>documentar la violaci\u00f3n de derechos<\/strong>. Y aqu\u00ed llegamos al meollo de la cuesti\u00f3n. Y eso, en un entorno digital, es algo bastante complejo si no se sabe c\u00f3mo hacerlo. Puede haber tenido lugar en una p\u00e1gina p\u00fablica, en una solo visible para usuarios registrados, en un chat, o la persona denunciada puede decidir borrar toda evidencia en el \u00faltimo momento una vez que se sabe detectada.<strong> Los pantallazos capturados de forma convencional no se suelen aceptar en un juicio<\/strong> (aparte de que no se consideran prueba documental y seg\u00fan el STS 300\/2015 de la Sala de lo Penal del 19 de mayo de 2015 requiere de informe pericial que la valide)<strong>.<\/strong> Los jueces son cada vez m\u00e1s exigentes a la hora de presentar evidencias digitales, visto lo f\u00e1ciles que son de manipular.<\/p>\n<p>Para ello, en un trabajo anal\u00f3gico recopilar\u00e9 las pruebas mediante fotograf\u00edas, si est\u00e1 impreso en libros o carteles, y si es una distribuci\u00f3n digital, realizar\u00e9 una\u00a0 captura de pantalla de la\u00a0 p\u00e1gina web que se certificar\u00e1 y cifrar\u00e1 mediante firmas digitales AES y RSA ( claves asim\u00e9tricas y algoritmos de encriptaci\u00f3n) en un PDF. En este archivo se incluye fecha, hora, direcciones IP, servidores y cualquier dato confidencial susceptible de ser \u00fatil en el caso.<strong> Y tiene validez legal en un juicio<\/strong>. Estas capturas las puedo hacer yo mismo o t\u00fa, si necesitas inmediatez. Las herramientas son p\u00fablicas y est\u00e1n ah\u00ed para todos:<\/p>\n<ul>\n<li><a href=\"https:\/\/www.egarante.com\/\" target=\"_blank\" rel=\"noopener\">eGarante<\/a><\/li>\n<li><a href=\"https:\/\/www.safestamper.com\/\" target=\"_blank\" rel=\"noopener\">Safe Stamper<\/a><\/li>\n<\/ul>\n<p>La \u00fanica diferencia es que yo tengo versiones profesionales y t\u00fa probablemente uses la versi\u00f3n gratuita, da lo mismo. Te generar\u00e1 un archivo similar a este <a href=\"http:\/\/www.periciadocumental.es\/wp-content\/uploads\/2018\/06\/safe-stamper.pdf\" target=\"_blank\" rel=\"noopener\">PDF<\/a>.<\/p>\n<p>Yo siempre aconsejo a mis clientes que eviten los juicios. Y puede resultar parad\u00f3jico que esto lo est\u00e9s leyendo en la p\u00e1gina de un perito judicial. Pero siempre es recomendable llegar a acuerdos extrajudiciales si es posible. En casos de propiedad intelectual, yo suelo recomendar contactar con la persona f\u00edsica o jur\u00eddica que nos ha robado la obra <strong>(\u00a1despu\u00e9s de recopilar las evidencias!)<\/strong> y la est\u00e1 usando sin permiso y enviarle la factura de servicios no pagados. No exageres.\u00a0<em> Cobra un precio l\u00f3gico<\/em>. Lo normal es que haga dos cosas, <em>o no conteste<\/em>, o lo haga, pero normalmente haya borrado las pruebas y te escriba que ya no las va a usar m\u00e1s, <em>que ha sido un error<\/em>. En ese momento, hay que pasar a la segunda fase, y que es cuando entro yo, porque hasta ahora lo pod\u00edas hacer t\u00fa mismo. Un burofax redactado por un abogado especializado reclamando las cantidades debidas y amenazando con un juicio monitorio y adjuntando las pruebas que t\u00fa o yo hemos recopilado.\u00a0 Si la respuesta es afirmativa, esta persona pagar\u00e1 y este asunto terminar\u00e1 aqu\u00ed. Si se resiste, <strong>pasaremos a la tercera fase<\/strong>.<\/p>\n<h3>La demanda<\/h3>\n<p>El <strong>juicio monitorio. <\/strong>\u00a0 El prop\u00f3sito del seguimiento es que, una vez recibido el requerimiento, el deudor nos deje de contar cuentos y pague de forma voluntaria. Porque, llegados a este punto, lo \u00fanico que resulta efectivo es una <strong>citaci\u00f3n judicial por demanda<\/strong>.\u00a0 En este caso, que si est\u00e1 bien fundamentado, ganar\u00e1s en un porcentaje muy alto, habr\u00e1 que incluir las pruebas y una redacci\u00f3n simple del abogado. La buena noticia es que si la cifra es menor de 2000\u20ac no te har\u00e1 falta ni abogado ni procurador en el juicio (A<em>rt\u00edculo 23.2 de la <strong>Ley de Enjuiciamiento Civil, LEC<\/strong>)<\/em> . S\u00ed, si el importe excede esa cantidad. \u00a0 Normalmente en caso de juicio,\u00a0 la pericial que redacte ir\u00e1 firmado por dos peritos: ya sea un t\u00e9cnico de artes gr\u00e1ficas con especialidad en propiedad intelectual, dise\u00f1o o fot\u00f3grafo con t\u00edtulo universitario en la materia. Esto cubre cualquier defecto de forma que quieran alegar en la contradicci\u00f3n.\u00a0 En muchos casos habr\u00e1 que realizar una valoraci\u00f3n de los da\u00f1os y perjuicios que ha sufrido nuestro cliente debido al robo y esta estimaci\u00f3n se incluir\u00e1 en el informe. Todos estos gastos se repercuten a la parte demandada\u00a0 si ganas en un alto porcentaje y\u00a0 si demuestras que no hizo caso a las solicitudes iniciales.<\/p>\n<p>No espere m\u00e1s para defender sus derechos. No son procesos complejos y el \u00e9xito final es una gran proporci\u00f3n de los casos que se llevan a juicio. El principal l\u00edmite a nuestros derechos somos nosotros mismos, qued\u00e1ndonos en la rabieta personal y no llegando m\u00e1s all\u00e1.<\/p>\n<p>Si tiene alguna duda sobre estas cuestiones, un\u00a0 problema legal donde haga falta informes t\u00e9cnicos, no dude en <a href=\"http:\/\/www.periciadocumental.es\/index.php\/contacto\/\" target=\"_blank\" rel=\"noopener\">contactar<\/a> conmigo.<\/p>\n","protected":false},"excerpt":{"rendered":"<p>Defiendo tus derechos en relaci\u00f3n con la propiedad intelectual, respecto de las obras que hayas creado.\u00a0 Pueden ser dibujos, fotograf\u00edas, dise\u00f1os\u00a0 y todas las prestaciones econ\u00f3micas fruto de su creaci\u00f3n. Sobre el papel, todo est\u00e1 muy claro. \u00bfY la realidad? Defender estos derechos (Real Decreto Legislativo 1\/1996, de 12 de&#8230;<\/p>\n","protected":false},"author":1,"featured_media":1311,"parent":0,"menu_order":0,"comment_status":"closed","ping_status":"closed","template":"templates\/full-width-page.php","meta":{"footnotes":""},"class_list":["post-1307","page","type-page","status-publish","has-post-thumbnail","hentry"],"yoast_head":"<!-- This site is optimized with the Yoast SEO plugin v25.7 - https:\/\/yoast.com\/wordpress\/plugins\/seo\/ -->\n<title>Propiedad Intelectual - Pericia Documental<\/title>\n<meta name=\"description\" content=\"Protege tu obra gr\u00e1fica o fotogr\u00e1fica con las herramientas que ofrece la Ley de propiedad Intelectual.\" \/>\n<meta name=\"robots\" content=\"index, follow, max-snippet:-1, max-image-preview:large, max-video-preview:-1\" \/>\n<link rel=\"canonical\" href=\"https:\/\/www.periciadocumental.es\/index.php\/propiedad-intelectual\/\" \/>\n<meta property=\"og:locale\" content=\"es_ES\" \/>\n<meta property=\"og:type\" content=\"article\" \/>\n<meta property=\"og:title\" content=\"Propiedad Intelectual - Pericia Documental\" \/>\n<meta property=\"og:description\" content=\"Protege tu obra gr\u00e1fica o fotogr\u00e1fica con las herramientas que ofrece la Ley de propiedad Intelectual.\" \/>\n<meta property=\"og:url\" content=\"https:\/\/www.periciadocumental.es\/index.php\/propiedad-intelectual\/\" \/>\n<meta property=\"og:site_name\" content=\"Pericia Documental\" \/>\n<meta property=\"article:modified_time\" content=\"2023-12-18T12:38:07+00:00\" \/>\n<meta property=\"og:image\" content=\"https:\/\/www.periciadocumental.es\/wp-content\/uploads\/2018\/06\/Curso-carta2.jpg\" \/>\n\t<meta property=\"og:image:width\" content=\"1080\" \/>\n\t<meta property=\"og:image:height\" content=\"758\" \/>\n\t<meta property=\"og:image:type\" content=\"image\/jpeg\" \/>\n<meta name=\"twitter:card\" content=\"summary_large_image\" \/>\n<meta name=\"twitter:label1\" content=\"Tiempo de lectura\" \/>\n\t<meta name=\"twitter:data1\" content=\"7 minutos\" \/>\n<script type=\"application\/ld+json\" class=\"yoast-schema-graph\">{\"@context\":\"https:\/\/schema.org\",\"@graph\":[{\"@type\":\"WebPage\",\"@id\":\"https:\/\/www.periciadocumental.es\/index.php\/propiedad-intelectual\/\",\"url\":\"https:\/\/www.periciadocumental.es\/index.php\/propiedad-intelectual\/\",\"name\":\"Propiedad Intelectual - Pericia Documental\",\"isPartOf\":{\"@id\":\"https:\/\/www.periciadocumental.es\/#website\"},\"primaryImageOfPage\":{\"@id\":\"https:\/\/www.periciadocumental.es\/index.php\/propiedad-intelectual\/#primaryimage\"},\"image\":{\"@id\":\"https:\/\/www.periciadocumental.es\/index.php\/propiedad-intelectual\/#primaryimage\"},\"thumbnailUrl\":\"https:\/\/www.periciadocumental.es\/wp-content\/uploads\/2018\/06\/Curso-carta2.jpg\",\"datePublished\":\"2018-06-10T17:37:22+00:00\",\"dateModified\":\"2023-12-18T12:38:07+00:00\",\"description\":\"Protege tu obra gr\u00e1fica o fotogr\u00e1fica con las herramientas que ofrece la Ley de propiedad Intelectual.\",\"breadcrumb\":{\"@id\":\"https:\/\/www.periciadocumental.es\/index.php\/propiedad-intelectual\/#breadcrumb\"},\"inLanguage\":\"es\",\"potentialAction\":[{\"@type\":\"ReadAction\",\"target\":[\"https:\/\/www.periciadocumental.es\/index.php\/propiedad-intelectual\/\"]}]},{\"@type\":\"ImageObject\",\"inLanguage\":\"es\",\"@id\":\"https:\/\/www.periciadocumental.es\/index.php\/propiedad-intelectual\/#primaryimage\",\"url\":\"https:\/\/www.periciadocumental.es\/wp-content\/uploads\/2018\/06\/Curso-carta2.jpg\",\"contentUrl\":\"https:\/\/www.periciadocumental.es\/wp-content\/uploads\/2018\/06\/Curso-carta2.jpg\",\"width\":1080,\"height\":758},{\"@type\":\"BreadcrumbList\",\"@id\":\"https:\/\/www.periciadocumental.es\/index.php\/propiedad-intelectual\/#breadcrumb\",\"itemListElement\":[{\"@type\":\"ListItem\",\"position\":1,\"name\":\"Portada\",\"item\":\"https:\/\/www.periciadocumental.es\/\"},{\"@type\":\"ListItem\",\"position\":2,\"name\":\"Propiedad Intelectual\"}]},{\"@type\":\"WebSite\",\"@id\":\"https:\/\/www.periciadocumental.es\/#website\",\"url\":\"https:\/\/www.periciadocumental.es\/\",\"name\":\"Pericia Documental\",\"description\":\"\",\"publisher\":{\"@id\":\"https:\/\/www.periciadocumental.es\/#\/schema\/person\/33d1b5f3f9e7bf3cdbd467540db25a3f\"},\"potentialAction\":[{\"@type\":\"SearchAction\",\"target\":{\"@type\":\"EntryPoint\",\"urlTemplate\":\"https:\/\/www.periciadocumental.es\/?s={search_term_string}\"},\"query-input\":{\"@type\":\"PropertyValueSpecification\",\"valueRequired\":true,\"valueName\":\"search_term_string\"}}],\"inLanguage\":\"es\"},{\"@type\":[\"Person\",\"Organization\"],\"@id\":\"https:\/\/www.periciadocumental.es\/#\/schema\/person\/33d1b5f3f9e7bf3cdbd467540db25a3f\",\"name\":\"Iv\u00e1n\",\"image\":{\"@type\":\"ImageObject\",\"inLanguage\":\"es\",\"@id\":\"https:\/\/www.periciadocumental.es\/#\/schema\/person\/image\/\",\"url\":\"https:\/\/www.periciadocumental.es\/wp-content\/uploads\/2022\/03\/Logo_p.png\",\"contentUrl\":\"https:\/\/www.periciadocumental.es\/wp-content\/uploads\/2022\/03\/Logo_p.png\",\"width\":299,\"height\":58,\"caption\":\"Iv\u00e1n\"},\"logo\":{\"@id\":\"https:\/\/www.periciadocumental.es\/#\/schema\/person\/image\/\"}}]}<\/script>\n<!-- \/ Yoast SEO plugin. -->","yoast_head_json":{"title":"Propiedad Intelectual - Pericia Documental","description":"Protege tu obra gr\u00e1fica o fotogr\u00e1fica con las herramientas que ofrece la Ley de propiedad Intelectual.","robots":{"index":"index","follow":"follow","max-snippet":"max-snippet:-1","max-image-preview":"max-image-preview:large","max-video-preview":"max-video-preview:-1"},"canonical":"https:\/\/www.periciadocumental.es\/index.php\/propiedad-intelectual\/","og_locale":"es_ES","og_type":"article","og_title":"Propiedad Intelectual - Pericia Documental","og_description":"Protege tu obra gr\u00e1fica o fotogr\u00e1fica con las herramientas que ofrece la Ley de propiedad Intelectual.","og_url":"https:\/\/www.periciadocumental.es\/index.php\/propiedad-intelectual\/","og_site_name":"Pericia Documental","article_modified_time":"2023-12-18T12:38:07+00:00","og_image":[{"width":1080,"height":758,"url":"https:\/\/www.periciadocumental.es\/wp-content\/uploads\/2018\/06\/Curso-carta2.jpg","type":"image\/jpeg"}],"twitter_card":"summary_large_image","twitter_misc":{"Tiempo de lectura":"7 minutos"},"schema":{"@context":"https:\/\/schema.org","@graph":[{"@type":"WebPage","@id":"https:\/\/www.periciadocumental.es\/index.php\/propiedad-intelectual\/","url":"https:\/\/www.periciadocumental.es\/index.php\/propiedad-intelectual\/","name":"Propiedad Intelectual - Pericia Documental","isPartOf":{"@id":"https:\/\/www.periciadocumental.es\/#website"},"primaryImageOfPage":{"@id":"https:\/\/www.periciadocumental.es\/index.php\/propiedad-intelectual\/#primaryimage"},"image":{"@id":"https:\/\/www.periciadocumental.es\/index.php\/propiedad-intelectual\/#primaryimage"},"thumbnailUrl":"https:\/\/www.periciadocumental.es\/wp-content\/uploads\/2018\/06\/Curso-carta2.jpg","datePublished":"2018-06-10T17:37:22+00:00","dateModified":"2023-12-18T12:38:07+00:00","description":"Protege tu obra gr\u00e1fica o fotogr\u00e1fica con las herramientas que ofrece la Ley de propiedad Intelectual.","breadcrumb":{"@id":"https:\/\/www.periciadocumental.es\/index.php\/propiedad-intelectual\/#breadcrumb"},"inLanguage":"es","potentialAction":[{"@type":"ReadAction","target":["https:\/\/www.periciadocumental.es\/index.php\/propiedad-intelectual\/"]}]},{"@type":"ImageObject","inLanguage":"es","@id":"https:\/\/www.periciadocumental.es\/index.php\/propiedad-intelectual\/#primaryimage","url":"https:\/\/www.periciadocumental.es\/wp-content\/uploads\/2018\/06\/Curso-carta2.jpg","contentUrl":"https:\/\/www.periciadocumental.es\/wp-content\/uploads\/2018\/06\/Curso-carta2.jpg","width":1080,"height":758},{"@type":"BreadcrumbList","@id":"https:\/\/www.periciadocumental.es\/index.php\/propiedad-intelectual\/#breadcrumb","itemListElement":[{"@type":"ListItem","position":1,"name":"Portada","item":"https:\/\/www.periciadocumental.es\/"},{"@type":"ListItem","position":2,"name":"Propiedad Intelectual"}]},{"@type":"WebSite","@id":"https:\/\/www.periciadocumental.es\/#website","url":"https:\/\/www.periciadocumental.es\/","name":"Pericia Documental","description":"","publisher":{"@id":"https:\/\/www.periciadocumental.es\/#\/schema\/person\/33d1b5f3f9e7bf3cdbd467540db25a3f"},"potentialAction":[{"@type":"SearchAction","target":{"@type":"EntryPoint","urlTemplate":"https:\/\/www.periciadocumental.es\/?s={search_term_string}"},"query-input":{"@type":"PropertyValueSpecification","valueRequired":true,"valueName":"search_term_string"}}],"inLanguage":"es"},{"@type":["Person","Organization"],"@id":"https:\/\/www.periciadocumental.es\/#\/schema\/person\/33d1b5f3f9e7bf3cdbd467540db25a3f","name":"Iv\u00e1n","image":{"@type":"ImageObject","inLanguage":"es","@id":"https:\/\/www.periciadocumental.es\/#\/schema\/person\/image\/","url":"https:\/\/www.periciadocumental.es\/wp-content\/uploads\/2022\/03\/Logo_p.png","contentUrl":"https:\/\/www.periciadocumental.es\/wp-content\/uploads\/2022\/03\/Logo_p.png","width":299,"height":58,"caption":"Iv\u00e1n"},"logo":{"@id":"https:\/\/www.periciadocumental.es\/#\/schema\/person\/image\/"}}]}},"_links":{"self":[{"href":"https:\/\/www.periciadocumental.es\/index.php\/wp-json\/wp\/v2\/pages\/1307","targetHints":{"allow":["GET"]}}],"collection":[{"href":"https:\/\/www.periciadocumental.es\/index.php\/wp-json\/wp\/v2\/pages"}],"about":[{"href":"https:\/\/www.periciadocumental.es\/index.php\/wp-json\/wp\/v2\/types\/page"}],"author":[{"embeddable":true,"href":"https:\/\/www.periciadocumental.es\/index.php\/wp-json\/wp\/v2\/users\/1"}],"replies":[{"embeddable":true,"href":"https:\/\/www.periciadocumental.es\/index.php\/wp-json\/wp\/v2\/comments?post=1307"}],"version-history":[{"count":17,"href":"https:\/\/www.periciadocumental.es\/index.php\/wp-json\/wp\/v2\/pages\/1307\/revisions"}],"predecessor-version":[{"id":6112,"href":"https:\/\/www.periciadocumental.es\/index.php\/wp-json\/wp\/v2\/pages\/1307\/revisions\/6112"}],"wp:featuredmedia":[{"embeddable":true,"href":"https:\/\/www.periciadocumental.es\/index.php\/wp-json\/wp\/v2\/media\/1311"}],"wp:attachment":[{"href":"https:\/\/www.periciadocumental.es\/index.php\/wp-json\/wp\/v2\/media?parent=1307"}],"curies":[{"name":"wp","href":"https:\/\/api.w.org\/{rel}","templated":true}]}}