{"id":1012,"date":"2017-06-11T18:09:08","date_gmt":"2017-06-11T18:09:08","guid":{"rendered":"http:\/\/www.periciadocumental.es\/wp-content\/uploads\/2017\/06\/Captura.jpg"},"modified":"2017-06-11T18:10:37","modified_gmt":"2017-06-11T18:10:37","slug":"captura-4","status":"inherit","type":"attachment","link":"https:\/\/www.periciadocumental.es\/index.php\/2017\/06\/11\/analisis-multiespectral-en-documentos\/captura-4\/","title":{"rendered":"Captura"},"author":1,"featured_media":0,"comment_status":"open","ping_status":"closed","template":"","meta":[],"class_list":["post-1012","attachment","type-attachment","status-inherit","hentry"],"yoast_head":"<!-- This site is optimized with the Yoast SEO plugin v25.7 - https:\/\/yoast.com\/wordpress\/plugins\/seo\/ -->\n<title>Captura - Pericia Documental<\/title>\n<meta name=\"robots\" content=\"index, follow, max-snippet:-1, max-image-preview:large, max-video-preview:-1\" \/>\n<link rel=\"canonical\" href=\"https:\/\/www.periciadocumental.es\/wp-content\/uploads\/2017\/06\/Captura.jpg\" \/>\n<meta property=\"og:locale\" content=\"es_ES\" \/>\n<meta property=\"og:type\" content=\"article\" \/>\n<meta property=\"og:title\" content=\"Captura - Pericia Documental\" \/>\n<meta property=\"og:description\" content=\"El sistema de im\u00e1genes espectrales utilizado para la fotograf\u00eda digital del Syriac Galen Palimpsest en la biblioteca del propietario despu\u00e9s de im\u00e1genes espectrales en el Walters Art Museum en Baltimore, Maryland en 2009 y 2010.\" \/>\n<meta property=\"og:url\" content=\"https:\/\/www.periciadocumental.es\/wp-content\/uploads\/2017\/06\/Captura.jpg\" \/>\n<meta property=\"og:site_name\" content=\"Pericia Documental\" \/>\n<meta property=\"article:modified_time\" content=\"2017-06-11T18:10:37+00:00\" \/>\n<meta property=\"og:image\" content=\"https:\/\/www.periciadocumental.es\/wp-content\/uploads\/2017\/06\/Captura.jpg\" \/>\n\t<meta property=\"og:image:width\" content=\"1371\" \/>\n\t<meta property=\"og:image:height\" content=\"969\" \/>\n\t<meta property=\"og:image:type\" content=\"image\/jpeg\" \/>\n<meta name=\"twitter:card\" content=\"summary_large_image\" \/>\n<script type=\"application\/ld+json\" class=\"yoast-schema-graph\">{\"@context\":\"https:\/\/schema.org\",\"@graph\":[{\"@type\":\"WebPage\",\"@id\":\"https:\/\/www.periciadocumental.es\/wp-content\/uploads\/2017\/06\/Captura.jpg\",\"url\":\"https:\/\/www.periciadocumental.es\/wp-content\/uploads\/2017\/06\/Captura.jpg\",\"name\":\"Captura - Pericia Documental\",\"isPartOf\":{\"@id\":\"https:\/\/www.periciadocumental.es\/#website\"},\"datePublished\":\"2017-06-11T18:09:08+00:00\",\"dateModified\":\"2017-06-11T18:10:37+00:00\",\"breadcrumb\":{\"@id\":\"https:\/\/www.periciadocumental.es\/wp-content\/uploads\/2017\/06\/Captura.jpg#breadcrumb\"},\"inLanguage\":\"es\",\"potentialAction\":[{\"@type\":\"ReadAction\",\"target\":[\"https:\/\/www.periciadocumental.es\/wp-content\/uploads\/2017\/06\/Captura.jpg\"]}]},{\"@type\":\"BreadcrumbList\",\"@id\":\"https:\/\/www.periciadocumental.es\/wp-content\/uploads\/2017\/06\/Captura.jpg#breadcrumb\",\"itemListElement\":[{\"@type\":\"ListItem\",\"position\":1,\"name\":\"Portada\",\"item\":\"https:\/\/www.periciadocumental.es\/\"},{\"@type\":\"ListItem\",\"position\":2,\"name\":\"An\u00e1lisis multiespectral en documentos\",\"item\":\"https:\/\/www.periciadocumental.es\/index.php\/2017\/06\/11\/analisis-multiespectral-en-documentos\/\"},{\"@type\":\"ListItem\",\"position\":3,\"name\":\"Captura\"}]},{\"@type\":\"WebSite\",\"@id\":\"https:\/\/www.periciadocumental.es\/#website\",\"url\":\"https:\/\/www.periciadocumental.es\/\",\"name\":\"Pericia Documental\",\"description\":\"\",\"publisher\":{\"@id\":\"https:\/\/www.periciadocumental.es\/#\/schema\/person\/33d1b5f3f9e7bf3cdbd467540db25a3f\"},\"potentialAction\":[{\"@type\":\"SearchAction\",\"target\":{\"@type\":\"EntryPoint\",\"urlTemplate\":\"https:\/\/www.periciadocumental.es\/?s={search_term_string}\"},\"query-input\":{\"@type\":\"PropertyValueSpecification\",\"valueRequired\":true,\"valueName\":\"search_term_string\"}}],\"inLanguage\":\"es\"},{\"@type\":[\"Person\",\"Organization\"],\"@id\":\"https:\/\/www.periciadocumental.es\/#\/schema\/person\/33d1b5f3f9e7bf3cdbd467540db25a3f\",\"name\":\"Iv\u00e1n\",\"image\":{\"@type\":\"ImageObject\",\"inLanguage\":\"es\",\"@id\":\"https:\/\/www.periciadocumental.es\/#\/schema\/person\/image\/\",\"url\":\"https:\/\/www.periciadocumental.es\/wp-content\/uploads\/2022\/03\/Logo_p.png\",\"contentUrl\":\"https:\/\/www.periciadocumental.es\/wp-content\/uploads\/2022\/03\/Logo_p.png\",\"width\":299,\"height\":58,\"caption\":\"Iv\u00e1n\"},\"logo\":{\"@id\":\"https:\/\/www.periciadocumental.es\/#\/schema\/person\/image\/\"}}]}<\/script>\n<!-- \/ Yoast SEO plugin. -->","yoast_head_json":{"title":"Captura - Pericia Documental","robots":{"index":"index","follow":"follow","max-snippet":"max-snippet:-1","max-image-preview":"max-image-preview:large","max-video-preview":"max-video-preview:-1"},"canonical":"https:\/\/www.periciadocumental.es\/wp-content\/uploads\/2017\/06\/Captura.jpg","og_locale":"es_ES","og_type":"article","og_title":"Captura - Pericia Documental","og_description":"El sistema de im\u00e1genes espectrales utilizado para la fotograf\u00eda digital del Syriac Galen Palimpsest en la biblioteca del propietario despu\u00e9s de im\u00e1genes espectrales en el Walters Art Museum en Baltimore, Maryland en 2009 y 2010.","og_url":"https:\/\/www.periciadocumental.es\/wp-content\/uploads\/2017\/06\/Captura.jpg","og_site_name":"Pericia Documental","article_modified_time":"2017-06-11T18:10:37+00:00","og_image":[{"width":1371,"height":969,"url":"https:\/\/www.periciadocumental.es\/wp-content\/uploads\/2017\/06\/Captura.jpg","type":"image\/jpeg"}],"twitter_card":"summary_large_image","schema":{"@context":"https:\/\/schema.org","@graph":[{"@type":"WebPage","@id":"https:\/\/www.periciadocumental.es\/wp-content\/uploads\/2017\/06\/Captura.jpg","url":"https:\/\/www.periciadocumental.es\/wp-content\/uploads\/2017\/06\/Captura.jpg","name":"Captura - Pericia Documental","isPartOf":{"@id":"https:\/\/www.periciadocumental.es\/#website"},"datePublished":"2017-06-11T18:09:08+00:00","dateModified":"2017-06-11T18:10:37+00:00","breadcrumb":{"@id":"https:\/\/www.periciadocumental.es\/wp-content\/uploads\/2017\/06\/Captura.jpg#breadcrumb"},"inLanguage":"es","potentialAction":[{"@type":"ReadAction","target":["https:\/\/www.periciadocumental.es\/wp-content\/uploads\/2017\/06\/Captura.jpg"]}]},{"@type":"BreadcrumbList","@id":"https:\/\/www.periciadocumental.es\/wp-content\/uploads\/2017\/06\/Captura.jpg#breadcrumb","itemListElement":[{"@type":"ListItem","position":1,"name":"Portada","item":"https:\/\/www.periciadocumental.es\/"},{"@type":"ListItem","position":2,"name":"An\u00e1lisis multiespectral en documentos","item":"https:\/\/www.periciadocumental.es\/index.php\/2017\/06\/11\/analisis-multiespectral-en-documentos\/"},{"@type":"ListItem","position":3,"name":"Captura"}]},{"@type":"WebSite","@id":"https:\/\/www.periciadocumental.es\/#website","url":"https:\/\/www.periciadocumental.es\/","name":"Pericia Documental","description":"","publisher":{"@id":"https:\/\/www.periciadocumental.es\/#\/schema\/person\/33d1b5f3f9e7bf3cdbd467540db25a3f"},"potentialAction":[{"@type":"SearchAction","target":{"@type":"EntryPoint","urlTemplate":"https:\/\/www.periciadocumental.es\/?s={search_term_string}"},"query-input":{"@type":"PropertyValueSpecification","valueRequired":true,"valueName":"search_term_string"}}],"inLanguage":"es"},{"@type":["Person","Organization"],"@id":"https:\/\/www.periciadocumental.es\/#\/schema\/person\/33d1b5f3f9e7bf3cdbd467540db25a3f","name":"Iv\u00e1n","image":{"@type":"ImageObject","inLanguage":"es","@id":"https:\/\/www.periciadocumental.es\/#\/schema\/person\/image\/","url":"https:\/\/www.periciadocumental.es\/wp-content\/uploads\/2022\/03\/Logo_p.png","contentUrl":"https:\/\/www.periciadocumental.es\/wp-content\/uploads\/2022\/03\/Logo_p.png","width":299,"height":58,"caption":"Iv\u00e1n"},"logo":{"@id":"https:\/\/www.periciadocumental.es\/#\/schema\/person\/image\/"}}]}},"description":{"rendered":"<p class=\"attachment\"><a href='https:\/\/www.periciadocumental.es\/wp-content\/uploads\/2017\/06\/Captura.jpg'><img loading=\"lazy\" decoding=\"async\" width=\"300\" height=\"212\" src=\"https:\/\/www.periciadocumental.es\/wp-content\/uploads\/2017\/06\/Captura-300x212.jpg\" class=\"attachment-medium size-medium\" alt=\"\" srcset=\"https:\/\/www.periciadocumental.es\/wp-content\/uploads\/2017\/06\/Captura-300x212.jpg 300w, https:\/\/www.periciadocumental.es\/wp-content\/uploads\/2017\/06\/Captura-768x543.jpg 768w, https:\/\/www.periciadocumental.es\/wp-content\/uploads\/2017\/06\/Captura-1024x724.jpg 1024w, https:\/\/www.periciadocumental.es\/wp-content\/uploads\/2017\/06\/Captura-30x21.jpg 30w, https:\/\/www.periciadocumental.es\/wp-content\/uploads\/2017\/06\/Captura.jpg 1371w\" sizes=\"auto, (max-width: 300px) 100vw, 300px\" \/><\/a><\/p>\n"},"caption":{"rendered":"<p>El sistema de im\u00e1genes espectrales utilizado para la fotograf\u00eda digital del Syriac Galen Palimpsest en la biblioteca del propietario despu\u00e9s de im\u00e1genes espectrales en el Walters Art Museum en Baltimore, Maryland en 2009 y 2010. <\/p>\n"},"alt_text":"","media_type":"image","mime_type":"image\/jpeg","media_details":{"width":1371,"height":969,"file":"2017\/06\/Captura.jpg","sizes":{"thumbnail":{"file":"Captura-150x150.jpg","width":150,"height":150,"mime_type":"image\/jpeg","source_url":"https:\/\/www.periciadocumental.es\/wp-content\/uploads\/2017\/06\/Captura-150x150.jpg"},"medium":{"file":"Captura-300x212.jpg","width":300,"height":212,"mime_type":"image\/jpeg","source_url":"https:\/\/www.periciadocumental.es\/wp-content\/uploads\/2017\/06\/Captura-300x212.jpg"},"medium_large":{"file":"Captura-768x543.jpg","width":768,"height":543,"mime_type":"image\/jpeg","source_url":"https:\/\/www.periciadocumental.es\/wp-content\/uploads\/2017\/06\/Captura-768x543.jpg"},"large":{"file":"Captura-1024x724.jpg","width":1024,"height":724,"mime_type":"image\/jpeg","source_url":"https:\/\/www.periciadocumental.es\/wp-content\/uploads\/2017\/06\/Captura-1024x724.jpg"},"tiny-lazy":{"file":"Captura-30x21.jpg","width":30,"height":21,"mime_type":"image\/jpeg","source_url":"https:\/\/www.periciadocumental.es\/wp-content\/uploads\/2017\/06\/Captura-30x21.jpg"},"screenr-blog-grid-small":{"file":"Captura-350x200.jpg","width":350,"height":200,"mime_type":"image\/jpeg","source_url":"https:\/\/www.periciadocumental.es\/wp-content\/uploads\/2017\/06\/Captura-350x200.jpg"},"screenr-blog-grid":{"file":"Captura-540x300.jpg","width":540,"height":300,"mime_type":"image\/jpeg","source_url":"https:\/\/www.periciadocumental.es\/wp-content\/uploads\/2017\/06\/Captura-540x300.jpg"},"screenr-blog-list":{"file":"Captura-790x400.jpg","width":790,"height":400,"mime_type":"image\/jpeg","source_url":"https:\/\/www.periciadocumental.es\/wp-content\/uploads\/2017\/06\/Captura-790x400.jpg"},"screenr-service-small":{"file":"Captura-538x280.jpg","width":538,"height":280,"mime_type":"image\/jpeg","source_url":"https:\/\/www.periciadocumental.es\/wp-content\/uploads\/2017\/06\/Captura-538x280.jpg"},"full":{"file":"Captura.jpg","width":1371,"height":969,"mime_type":"image\/jpeg","source_url":"https:\/\/www.periciadocumental.es\/wp-content\/uploads\/2017\/06\/Captura.jpg"}},"image_meta":{"aperture":"0","credit":"Iv\u00e1n","camera":"","caption":"","created_timestamp":"1497211572","copyright":"","focal_length":"0","iso":"0","shutter_speed":"0","title":"","orientation":"0","keywords":[]}},"post":986,"source_url":"https:\/\/www.periciadocumental.es\/wp-content\/uploads\/2017\/06\/Captura.jpg","_links":{"self":[{"href":"https:\/\/www.periciadocumental.es\/index.php\/wp-json\/wp\/v2\/media\/1012","targetHints":{"allow":["GET"]}}],"collection":[{"href":"https:\/\/www.periciadocumental.es\/index.php\/wp-json\/wp\/v2\/media"}],"about":[{"href":"https:\/\/www.periciadocumental.es\/index.php\/wp-json\/wp\/v2\/types\/attachment"}],"author":[{"embeddable":true,"href":"https:\/\/www.periciadocumental.es\/index.php\/wp-json\/wp\/v2\/users\/1"}],"replies":[{"embeddable":true,"href":"https:\/\/www.periciadocumental.es\/index.php\/wp-json\/wp\/v2\/comments?post=1012"}],"wp:attached-to":[{"embeddable":true,"post_type":"post","id":986,"href":"https:\/\/www.periciadocumental.es\/index.php\/wp-json\/wp\/v2\/posts\/986"}],"curies":[{"name":"wp","href":"https:\/\/api.w.org\/{rel}","templated":true}]}}

<!-- This site is optimized with the Yoast SEO plugin v25.7 - https://yoast.com/wordpress/plugins/seo/ -->
<title>Captura - Pericia Documental</title>
<meta name="robots" content="index, follow, max-snippet:-1, max-image-preview:large, max-video-preview:-1" />
<link rel="canonical" href="https://www.periciadocumental.es/wp-content/uploads/2017/06/Captura.jpg" />
<meta property="og:locale" content="es_ES" />
<meta property="og:type" content="article" />
<meta property="og:title" content="Captura - Pericia Documental" />
<meta property="og:description" content="El sistema de imágenes espectrales utilizado para la fotografía digital del Syriac Galen Palimpsest en la biblioteca del propietario después de imágenes espectrales en el Walters Art Museum en Baltimore, Maryland en 2009 y 2010." />
<meta property="og:url" content="https://www.periciadocumental.es/wp-content/uploads/2017/06/Captura.jpg" />
<meta property="og:site_name" content="Pericia Documental" />
<meta property="article:modified_time" content="2017-06-11T18:10:37+00:00" />
<meta property="og:image" content="https://www.periciadocumental.es/wp-content/uploads/2017/06/Captura.jpg" />
	<meta property="og:image:width" content="1371" />
	<meta property="og:image:height" content="969" />
	<meta property="og:image:type" content="image/jpeg" />
<meta name="twitter:card" content="summary_large_image" />
<script type="application/ld+json" class="yoast-schema-graph">{"@context":"https://schema.org","@graph":[{"@type":"WebPage","@id":"https://www.periciadocumental.es/wp-content/uploads/2017/06/Captura.jpg","url":"https://www.periciadocumental.es/wp-content/uploads/2017/06/Captura.jpg","name":"Captura - Pericia Documental","isPartOf":{"@id":"https://www.periciadocumental.es/#website"},"datePublished":"2017-06-11T18:09:08+00:00","dateModified":"2017-06-11T18:10:37+00:00","breadcrumb":{"@id":"https://www.periciadocumental.es/wp-content/uploads/2017/06/Captura.jpg#breadcrumb"},"inLanguage":"es","potentialAction":[{"@type":"ReadAction","target":["https://www.periciadocumental.es/wp-content/uploads/2017/06/Captura.jpg"]}]},{"@type":"BreadcrumbList","@id":"https://www.periciadocumental.es/wp-content/uploads/2017/06/Captura.jpg#breadcrumb","itemListElement":[{"@type":"ListItem","position":1,"name":"Portada","item":"https://www.periciadocumental.es/"},{"@type":"ListItem","position":2,"name":"Análisis multiespectral en documentos","item":"https://www.periciadocumental.es/index.php/2017/06/11/analisis-multiespectral-en-documentos/"},{"@type":"ListItem","position":3,"name":"Captura"}]},{"@type":"WebSite","@id":"https://www.periciadocumental.es/#website","url":"https://www.periciadocumental.es/","name":"Pericia Documental","description":"","publisher":{"@id":"https://www.periciadocumental.es/#/schema/person/33d1b5f3f9e7bf3cdbd467540db25a3f"},"potentialAction":[{"@type":"SearchAction","target":{"@type":"EntryPoint","urlTemplate":"https://www.periciadocumental.es/?s={search_term_string}"},"query-input":{"@type":"PropertyValueSpecification","valueRequired":true,"valueName":"search_term_string"}}],"inLanguage":"es"},{"@type":["Person","Organization"],"@id":"https://www.periciadocumental.es/#/schema/person/33d1b5f3f9e7bf3cdbd467540db25a3f","name":"Iván","image":{"@type":"ImageObject","inLanguage":"es","@id":"https://www.periciadocumental.es/#/schema/person/image/","url":"https://www.periciadocumental.es/wp-content/uploads/2022/03/Logo_p.png","contentUrl":"https://www.periciadocumental.es/wp-content/uploads/2022/03/Logo_p.png","width":299,"height":58,"caption":"Iván"},"logo":{"@id":"https://www.periciadocumental.es/#/schema/person/image/"}}]}</script>
<!-- / Yoast SEO plugin. -->

El sistema de imágenes espectrales utilizado para la fotografía digital del Syriac Galen Palimpsest en la biblioteca del propietario después de imágenes espectrales en el Walters Art Museum en Baltimore, Maryland en 2009 y 2010.

Análisis multiespectral en documentos

Iván

<p>El sistema de imágenes espectrales utilizado para la fotografía digital del Syriac Galen Palimpsest en la biblioteca del propietario después de imágenes espectrales en el Walters Art Museum en Baltimore, Maryland en 2009 y 2010. </p>
